{"id":58,"date":"2019-10-19T11:57:26","date_gmt":"2019-10-19T09:57:26","guid":{"rendered":"http:\/\/www.taracentar.hr\/?page_id=58"},"modified":"2024-01-14T18:42:02","modified_gmt":"2024-01-14T17:42:02","slug":"test-za-slusno-procesiranje","status":"publish","type":"page","link":"https:\/\/www.taracentar.hr\/?page_id=58","title":{"rendered":"Test za slu\u0161no procesiranje"},"content":{"rendered":"<p><strong>TEST PSP-1: Hrvatski zavod za zdravstveno osiguranje (HZZO) uveo je od 29.08.2015. godine novu dijagnosti\u010dku \u0161ifru za logopede \u2013 Ispitivanje slu\u0161nog procesiranja (Primjenjuje se kod senzori\u010dkih poreme\u0107aja slu\u0161anja, razumijevanja i poreme\u0107aja u\u010denja). Za ispitivanje slu\u0161nog procesiranja koristi se na\u0161 standardizirani TES PSP-1<\/strong>.<\/p>\n<p><img decoding=\"async\" loading=\"lazy\" class=\"alignnone size-full wp-image-224\" src=\"http:\/\/www.taracentar.hr\/wp-content\/uploads\/58\/Djevojcica.jpg\" alt=\"\" width=\"300\" height=\"199\" \/><\/p>\n<p>Test \u2013 PSP-1 (<strong>P<\/strong>oreme\u0107aj <strong>S<\/strong>lu\u0161nog <strong>P<\/strong>rocesiranja -1) namijenjen je za ispitivanje i otkrivanje poreme\u0107aja slu\u0161nog procesiranja (PSP) i standardiziran je za dob od 5,5 do 11,5 godina (opcionalno do 12 god. i 6 mj).<\/p>\n<p>PSP-1 mo\u017ee se koristiti i za otkrivanje poreme\u0107aja slu\u0161nog procesiranja kod odraslih osoba kod kojih postoji sumnja da postoje te\u0161ko\u0107e slu\u0161anja (ne misli se na gubitak sluha). To su prvenstveno odrasle osobe koje su pretrpjele mo\u017edani udar ili imaju neke druge oblike te\u0161ko\u0107a koje bi mogle utjecati i na sposobnost slu\u0161anja.<\/p>\n<p>Predvi\u0111eno trajanje testiranja iznosi 30 minuta. Test se sastoji od \u010detiri subtesta: Test filtriranog govora, Test govora u buci, Dihoti\u010dki test rije\u010di i Dihoti\u010dki test re\u010denica. \u00a0koji su namijenjeni kod djece u dobi od 6,5 do 11,5 godina.<\/p>\n<p>Poreme\u0107aj slu\u0161nog procesiranja (PSP) senzori\u010dki je poreme\u0107aj koji naj\u010de\u0161\u0107e poga\u0111a slu\u0161anje, razumijevanje govora i u\u010denje te stvara pote\u0161ko\u0107e u procesiranju auditivnih informacija. PSP nije uzrokovan o\u0161te\u0107enjem sluha ili kognitivnih funkcija ve\u0107 je poreme\u0107aj uzrokovan pote\u0161ko\u0107ama u razumijevanju podra\u017eaja odnosno akusti\u010dkog signala. Poreme\u0107aj slu\u0161nog procesiranja predstavlja deficit u procesiranju auditivno prezentiranih informacija a neadekvatni akusti\u010dki uvjeti mogu znatno utjecati na ovaj poreme\u0107aj.<\/p>\n<p>Prema statistici oko 3 \u2013 5 % pred\u0161kolske i \u0161kolske djece ima poreme\u0107aj slu\u0161nog procesiranja i on je naj\u010de\u0161\u0107e povezan s govorno-jezi\u010dnim te\u0161ko\u0107ama, te\u0161ko\u0107ama u\u010denja, \u010ditanja i pisanja. S obzirom na to da je kod ove djece sluh uredan, \u010desto se ove pote\u0161ko\u0107e pripisuju poreme\u0107aju pa\u017enje, poreme\u0107ajima u pona\u0161anju, manjku motivacije ili nekim drugim poreme\u0107ajima. Sve to znatno pogor\u0161ava uspjeh tijekom \u0161kolovanja te ote\u017eava razvoj i sposobnosti djeteta, a roditelje, u\u010ditelje i djecu \u010dini frustriranima. Stoga je va\u017eno pravovremeno otkriti PSP te poduzeti odgovaraju\u0107e korake kako bi se pote\u0161ko\u0107e ubla\u017eile.<\/p>\n<p>Test \u2013 PSP-1 za sada je prvi i jedini test za hrvatsko govorno podru\u010dje koji omogu\u0107ava otkrivanje i dijagnosticiranje poreme\u0107aja slu\u0161nog procesiranja. Namijenjen je logopedima i audio-rehabilitatorima.<\/p>\n<p><img decoding=\"async\" loading=\"lazy\" class=\"alignnone size-full wp-image-223\" src=\"http:\/\/www.taracentar.hr\/wp-content\/uploads\/58\/Djecak.jpg\" alt=\"\" width=\"300\" height=\"240\" \/><\/p>\n<p>Poreme\u0107aj slu\u0161nog procesiranja podrazumijeva te\u0161ko\u0107e u obradi slu\u0161nih podra\u017eaja u sredi\u0161njem \u017eiv\u010danom sustavu ali te te\u0161ko\u0107e nisu posljedica jezi\u010dnih, kognitivnih ili drugi te\u0161ko\u0107a. Me\u0111utim, PSP mo\u017ee biti uzrok ili mo\u017ee biti povezan s te\u0161ko\u0107ama u jeziku, komunikaciji i u\u010denju. Iako PSP mo\u017ee biti udru\u017een s drugim poreme\u0107ajima,\u00a0 PSP nije posljedica drugih poreme\u0107aja. Isto tako kod djece s kognitivnim ili jezi\u010dnim te\u0161ko\u0107ama ne smije se apriori smatrati da su te te\u0161ko\u0107e posljedica PSP-a.<\/p>\n<p>PSP u ranoj dobi manifestira se receptivno i ekspresivno, a kao njegove tipi\u010dne posljedice mogu se javiti te\u0161ko\u0107e u pam\u0107enju pjesmica ili pri\u010da te pretjerana osjetljivost na buku. Obi\u010dno se navodi pet glavnih problema koji se uo\u010davaju kod djece s PSP:<\/p>\n<ul>\n<li>Dijete te\u0161ko prati i razumije govor u bu\u010dnom okru\u017eenju.<\/li>\n<li>Dijete ima te\u0161ko\u0107e u pam\u0107enju informacija (pote\u0161ko\u0107e auditivne memorije) kao \u0161to su upute, popisi, nastavno gradivo i sl.<\/li>\n<li>Dijete ima te\u0161ko\u0107e u slu\u0161nom razlikovanju (auditivnoj diskriminaciji) sli\u010dnih fonema ili rije\u010di (npr. \u010d \u2013 \u0161, koza \u2013 loza).<\/li>\n<li>Dijete ima te\u0161ko\u0107e u auditivnoj pa\u017enji (ne mo\u017ee zadr\u017eati pa\u017enju slu\u0161aju\u0107i predavanja, nastavu i sl.<\/li>\n<\/ul>\n<p>Kod djece \u0161kolskog uzrasta PSP \u010desto su prisutne te\u0161ko\u0107e:<\/p>\n<ul>\n<li>jezi\u010dnog izra\u017eavanja i razumijevanja (nekonzistentnost odgovora),<\/li>\n<li>slu\u0161anja ili usmjeravanja pa\u017enje na sugovornika u bu\u010dnom okru\u017eenju,<\/li>\n<li>slije\u0111enja du\u017eih verbalnih uputa,<\/li>\n<li>memoriranja verbalno prezentiranih informacija,<\/li>\n<li>te\u0161ko\u0107e lokalizacije zvuka u prostoru,<\/li>\n<li>\u010ditanja i pisanja,<\/li>\n<li>diskriminacije glasova u govoru,<\/li>\n<li>pisanja diktata ili bilje\u0161ki tijekom nastave.<\/li>\n<\/ul>\n<p>\u010cesto se doga\u0111a da se djecu koja imaju poreme\u0107aj slu\u0161nog procesiranja klasificira kao djecu s ADHD-om (Attention Deficit Hyperactivity Disorder), poreme\u0107ajem u pona\u0161anju ili nekim drugim poreme\u0107ajima. Isto tako PSP mo\u017ee biti udru\u017een s ADHD.<\/p>\n<p>PSP mo\u017ee tako\u0111er biti prisutan (pa se mo\u017ee ponekad smatrati i uzrokom) kod fonolo\u0161kih poreme\u0107aja.<\/p>\n<p>Niz istra\u017eivanja ukazuje da se jezi\u010dne te\u0161ko\u0107e \u010de\u0161\u0107e javljaju kada je prisutan i PSP. Kod posebnih jezi\u010dnih te\u0161ko\u0107a tako\u0111er je smanjena sposobnost percepcije auditivnih stimulusa \u0161to ukazuje na PSP. Stoga je va\u017eno dijagnosti\u010dki diferencirati radi li sa o PSP ili\u00a0 posebnim jezi\u010dnim te\u0161ko\u0107ama.<\/p>\n<p>Brojna su istra\u017eivanja tako\u0111er potvrdila povezanost PSP i te\u0161ko\u0107a \u010ditanja, pa\u017enjom i memorijom.<\/p>\n","protected":false},"excerpt":{"rendered":"<p>TEST PSP-1: Hrvatski zavod za zdravstveno osiguranje (HZZO) uveo je od 29.08.2015. godine novu dijagnosti\u010dku \u0161ifru za logopede \u2013 Ispitivanje slu\u0161nog procesiranja (Primjenjuje se kod senzori\u010dkih poreme\u0107aja slu\u0161anja, razumijevanja i poreme\u0107aja u\u010denja). Za ispitivanje slu\u0161nog procesiranja koristi se na\u0161 standardizirani TES PSP-1. Test \u2013 PSP-1 (Poreme\u0107aj Slu\u0161nog Procesiranja -1) namijenjen je za ispitivanje i otkrivanje [&hellip;]<\/p>\n","protected":false},"author":1,"featured_media":0,"parent":50,"menu_order":0,"comment_status":"closed","ping_status":"closed","template":"","meta":[],"_links":{"self":[{"href":"https:\/\/www.taracentar.hr\/index.php?rest_route=\/wp\/v2\/pages\/58"}],"collection":[{"href":"https:\/\/www.taracentar.hr\/index.php?rest_route=\/wp\/v2\/pages"}],"about":[{"href":"https:\/\/www.taracentar.hr\/index.php?rest_route=\/wp\/v2\/types\/page"}],"author":[{"embeddable":true,"href":"https:\/\/www.taracentar.hr\/index.php?rest_route=\/wp\/v2\/users\/1"}],"replies":[{"embeddable":true,"href":"https:\/\/www.taracentar.hr\/index.php?rest_route=%2Fwp%2Fv2%2Fcomments&post=58"}],"version-history":[{"count":0,"href":"https:\/\/www.taracentar.hr\/index.php?rest_route=\/wp\/v2\/pages\/58\/revisions"}],"up":[{"embeddable":true,"href":"https:\/\/www.taracentar.hr\/index.php?rest_route=\/wp\/v2\/pages\/50"}],"wp:attachment":[{"href":"https:\/\/www.taracentar.hr\/index.php?rest_route=%2Fwp%2Fv2%2Fmedia&parent=58"}],"curies":[{"name":"wp","href":"https:\/\/api.w.org\/{rel}","templated":true}]}}